8. Let o = z - 320. Let f(a) = -6*a + 1. Calculate the remainder when o is divided by f(-1).
3
What is the remainder when (-320)/(-2) - 112/(-8) is divided by 39?
18
Let o = -760 + 964. Let t be (10/(-4))/(-5)*706. Let k = t - o. Calculate the remainder when k is divided by 38.
35
Let v = 1144 + -1121. What is the remainder when 595 is divided by v?
20
Suppose -6825 = -8*s + 327. Suppose -3*y - m - s = -8*y, 3*y - 3*m = 534. Calculate the remainder when y is divided by 36.
35
Let s(d) = -d**2 - 13*d + 10. Let t = 162 + -175. What is the remainder when 55 is divided by s(t)?
5
Let z(b) = 2331*b - 3641. What is the remainder when z(2) is divided by 30?
1
Let c be 10/8 + 12/((-192)/(-76)). Let k(t) = -51*t + 322. What is the remainder when 239 is divided by k(c)?
15
Let w = -227 - -255. Let c = 63 - 37. What is the remainder when (-4)/w*-723 + (-4)/14 is divided by c?
25
Let y(w) = -w**3 - 4*w**2 + 8*w - 1. Suppose -163 = 3*k + 356. Let l = -165 - k. Calculate the remainder when y(-6) is divided by l.
7
Suppose -d - 12 = -15. Suppose -6 = -3*y - 0. Suppose -y*p + 65 = d*w, -2*w + 2*p + 30 + 20 = 0. What is the remainder when 40 is divided by w?
17
Suppose 5*m - 2*l = -2217, -5 = -5*l - 0. Let g = 434 - m. What is the remainder when g is divided by 22?
19
Let v = 757 - 667. Suppose 4*t - v = -2*y, -4*y = 2*t - 266 + 104. What is the remainder when y is divided by 4?
3
Let k(n) be the second derivative of 3*n**5/20 + 5*n**4/12 - 2*n**3 + 7*n**2 + 9*n - 4. Calculate the remainder when k(5) is divided by 38.
36
Suppose -2*r - 2 = s, 18 + 13 = 2*s - 3*r. Suppose -o = h - 40, 0 = 3*h + 8*o - 4*o - 125. Let d = h + -15. Calculate the remainder when d is divided by s.
4
Suppose 15*f + 1031 - 10435 - 9361 = 0. Calculate the remainder when f is divided by 16.
3
Let t(l) = 279*l**2 + 78*l - 273. What is the remainder when t(6) is divided by 49?
47
Let t(c) = -6*c**2 - 2*c + 4. Let d be (((-22)/(-4) + -4)*-2)/(-1). Let r be t(d). What is the remainder when 24/r - (-244)/14 is divided by 5?
2
Let k(r) = r**3 + 23*r**2 - 427. What is the remainder when 802 is divided by k(-22)?
4
Let z(w) = -w**2 - 19*w + 3. Let q be z(-19). Suppose -3*u + q*j = 0, -5*j + 24 = 5*u - 26. Calculate the remainder when 68 is divided by u.
3
Let x(t) = -102*t + 730. What is the remainder when 102 is divided by x(7)?
6
Suppose 0 = -10*i + 6*i - 208. Let t = i + 80. Calculate the remainder when 82 is divided by t.
26
Let q(f) = -33*f**2 + 47*f + 30. Let y(z) = 11*z**2 - 16*z - 9. Let l(w) = -3*q(w) - 8*y(w). What is the remainder when l(-2) is divided by 22?
8
Let j = 1440 + -1386. What is the remainder when 208 is divided by j?
46
Suppose -b - 5*c + 16 = 0, -51*b - 3*c = -50*b - 12. Let x be 16/6*(-9)/(-4). Suppose -22 + x = -r. What is the remainder when r is divided by b?
4
Let q(g) = 2*g**2 - 3*g - 2. Let v = -341 + 395. Suppose v*h - 59*h = -235. What is the remainder when h is divided by q(-3)?
22
Let q(w) = w**3 - 5*w**2 + 3*w - 18. Let n be q(8). Suppose -81*a + n = -80*a. Calculate the remainder when a is divided by 50.
48
Suppose -6*k - 3*b + 3 = -3*k, -2*k - b = -4. Suppose -27*l - 3*v = -23*l - 287, 2*v = k*l - 194. What is the remainder when l is divided by 36?
32
Let a(d) = d - 9. Let g(w) = 5*w - 44. Let u(o) = -22*a(o) + 4*g(o). Let n be u(11). What is the remainder when 28 - (-3)/(-6)*n is divided by 15?
13
Suppose 3*d - 3288 = -46*z + 44*z, 4*d = -24. What is the remainder when z is divided by 204?
21
Let h = -125 - -2127. What is the remainder when h is divided by 12?
10
Let w = -3 - -33. Let c = 1401 - 1394. What is the remainder when w is divided by c?
2
Let z(w) = 2*w**3 - w**2 - w - 2. Let t(u) = -u**2 - 10*u + 2. Let p be t(-10). What is the remainder when 16 + (-3)/4*6*(-1056)/2376 is divided by z(p)?
2
Let k(y) = -y**3 - 5*y**2 - 5*y + 4. Let d be (-6)/(-12) + 3/2. Suppose -2*u - d*n + 56 = -n, -4*n - 37 = -u. What is the remainder when u is divided by k(-4)?
5
Let b = -566 + 566. Suppose -13*n + 32*n - 1026 = b. What is the remainder when n is divided by ((-1)/(-3))/(1/33)?
10
Suppose 7*g = 4*g + 196 - 208. Let d(y) = -2 - 6 - 2*y**2 + 3*y**2. Calculate the remainder when 10 is divided by d(g).
2
What is the remainder when (210/(-140))/(2/(16/12))*-34591 is divided by 188?
187
What is the remainder when (-8120)/1160 - (-6194 - 0/(-1)) is divided by 28?
27
Let y = -6532 + 6690. What is the remainder when 386 is divided by y?
70
Suppose -95 = -4*c - 182*i + 187*i, 5*i - 130 = -5*c. Calculate the remainder when 1444 is divided by c.
19
Let u(w) = -2*w + 73. Suppose 5 = 2*l + 1. Calculate the remainder when u(-33) is divided by -1*(-39 - l) + -3 - 3.
34
Let h(t) = 3*t**3 - t**2 - 81*t + 162. Calculate the remainder when 5737 is divided by h(2).
17
Suppose 0 = -5*q - 4*q + 882. Let k be 1/3 - q/(-21). Suppose 0 = -3*j - 3*f + 102, k*j = -6*f + 2*f + 167. What is the remainder when 153 is divided by j?
29
Let k(u) = 7*u - 61. Let t be k(9). Suppose -h + 2*a + a + 56 = 0, 0 = t*h - a - 127. What is the remainder when 194 is divided by h?
64
Let r be 3 + (-10)/(1 + -6) + 5. Calculate the remainder when 12/30*13225/r is divided by 28.
25
Suppose -5*f - 5 = 7*j - 9*j, -4*f = -20. Suppose -3*k + j = -3. Let i = 36 + -6. Calculate the remainder when i is divided by k.
0
Calculate the remainder when 617 is divided by 40170/312 - 14/8.
109
What is the remainder when 5/(-25)*-10145 + 8 is divided by 20?
17
Suppose 5*p = -3*s + 35 + 43, -2*s = 4*p - 64. Suppose 0 = -5*i + 5, 5*u - 357 = -2*i - 90. Calculate the remainder when u is divided by p.
17
Suppose 7 = d - 4*k - 6, -3*d - 4*k = -7. Suppose -8*z + 4*z + 4*f = -52, -d*f - 45 = -3*z. Let w = 15 - z. What is the remainder when 44 is divided by w?
4
What is the remainder when (-11 - 108/(-9))/((-344982)/(-86244) - 4) is divided by 12?
10
Let j(z) = z**3 + 82*z**2 + 227*z - 156. What is the remainder when 1271 is divided by j(-79)?
3
Suppose -6*c + 0*c = 342. Calculate the remainder when (-6)/c + 1212/38 is divided by 158/18 + (-4)/(-18).
5
Let a(m) = m**3 - 5*m**2 - 12*m + 15. Let k = -49 + 50. Let l be (3 + -10)/k*-1. Calculate the remainder when 112 is divided by a(l).
25
Let n = 1756 + -1752. Calculate the remainder when 37 is divided by n.
1
Let i(h) = h**2 + 7*h. Let q be i(-3). Let j(r) = -4*r - 15. Suppose 9*u - 25 - 56 = 0. Calculate the remainder when j(q) is divided by u.
6
Let v = -275 - -307. Let u(s) = s**3 - 32*s**2 + 4*s - 52. Calculate the remainder when u(v) is divided by 17.
8
Suppose 8 - 656 = -6*v. Let p = v + -95. Let j(m) = -4*m**3 - 4*m**2 + 2. What is the remainder when j(-4) is divided by p?
12
Suppose -o + 8 = -3*p, 13 = -2*p + 9. Suppose -5*f = o*k - 111, 8*f = 6*f + 10. What is the remainder when 169 is divided by k?
40
Suppose 4*w + 44*w - 255*w + 54441 = 0. What is the remainder when 301 is divided by w?
38
Let x = -804 - -1165. Suppose -3*t - 5*i + x = 0, t - 3*i = 152 - 13. Calculate the remainder when t is divided by 64.
63
Let g(s) = 4*s + 20. Let k be g(0). Let z be (-8)/k - 981/(-15). Let q = z + -39. Calculate the remainder when 51 is divided by q.
25
Let m(v) = 159*v + 1465. What is the remainder when 509 is divided by m(-9)?
33
Let c = -3 - -9. Suppose -2*d + 12 = 4*l, 2*l - 3*d - 11 = 3. Suppose -h + 2*w = 4*h - 73, l*w - 34 = -2*h. Calculate the remainder when h is divided by c.
3
Suppose 6*y - 3*y - 1101 = 0. Calculate the remainder when y is divided by (9/15)/1*(-1590)/(-18).
49
Suppose -2319 = 1970*z - 2005*z - 499. Calculate the remainder when 367 is divided by z.
3
Suppose 0 = w - 2*w, 93*c - 2*w - 215 = 88*c. Calculate the remainder when 125 is divided by c.
39
Let u(o) = 2*o**3 + 15*o**2 - 5*o - 69. Calculate the remainder when 1736 is divided by u(-7).
11
Suppose 0 = 4*c - 5*r + 40, 2*c = 2*r + r - 20. Let v(x) = -25*x - 3. Calculate the remainder when v(-2) is divided by ((-16)/c)/(1/10).
15
Let z be ((-2920)/12)/(16/24). Let o = z + 495. What is the remainder when o is divided by 6?
4
Let r(j) = 7*j**2 - 189*j - 115. Calculate the remainder when r(30) is divided by 206.
103
Let s be (3/2)/((-30)/(-40)). Suppose -g + 3*q = s*q - 93, 0 = 2*g + 2*q - 174. What is the remainder when g is divided by 13?
12
Suppose -b + 39 = -3*q + 89, 0 = -q - 3*b + 10. Calculate the rem